[INFO] cloning repository https://github.com/dcbrwn/sketchbook-ng
[INFO] running `Command { std: "git" "-c" "credential.helper=" "-c" "credential.helper=/workspace/cargo-home/bin/git-credential-null" "clone" "--bare" "https://github.com/dcbrwn/sketchbook-ng" "/workspace/cache/git-repos/https%3A%2F%2Fgithub.com%2Fdcbrwn%2Fsketchbook-ng", kill_on_drop: false }`
[INFO] [stderr] Cloning into bare repository '/workspace/cache/git-repos/https%3A%2F%2Fgithub.com%2Fdcbrwn%2Fsketchbook-ng'...
[INFO] running `Command { std: "git" "rev-parse" "HEAD", kill_on_drop: false }`
[INFO] [stdout] a0807b728a865ebdcd62be55ee96165186af09bd
[INFO] checking dcbrwn/sketchbook-ng against try#72f88fc4e9458f89516a0b8b0868f3718aec5b47 for pr-74989
[INFO] running `Command { std: "git" "clone" "/workspace/cache/git-repos/https%3A%2F%2Fgithub.com%2Fdcbrwn%2Fsketchbook-ng" "/workspace/builds/worker-4/source", kill_on_drop: false }`
[INFO] [stderr] Cloning into '/workspace/builds/worker-4/source'...
[INFO] [stderr] done.
[INFO] validating manifest of git repo https://github.com/dcbrwn/sketchbook-ng on toolchain 72f88fc4e9458f89516a0b8b0868f3718aec5b47
[INFO] running `Command { std: "/workspace/cargo-home/bin/cargo" "+72f88fc4e9458f89516a0b8b0868f3718aec5b47" "read-manifest" "--manifest-path" "Cargo.toml", kill_on_drop: false }`
[INFO] started tweaking git repo https://github.com/dcbrwn/sketchbook-ng
[INFO] finished tweaking git repo https://github.com/dcbrwn/sketchbook-ng
[INFO] tweaked toml for git repo https://github.com/dcbrwn/sketchbook-ng written to /workspace/builds/worker-4/source/Cargo.toml
[INFO] crate git repo https://github.com/dcbrwn/sketchbook-ng already has a lockfile, it will not be regenerated
[INFO] running `Command { std: "/workspace/cargo-home/bin/cargo" "+72f88fc4e9458f89516a0b8b0868f3718aec5b47" "fetch" "--locked" "--manifest-path" "Cargo.toml", kill_on_drop: false }`
[INFO] [stderr]  Downloading crates ...
[INFO] [stderr]   Downloaded scoped-tls v1.0.0
[INFO] [stderr]   Downloaded wasm-bindgen-futures v0.4.13
[INFO] [stderr]   Downloaded wee_alloc v0.4.5
[INFO] [stderr]   Downloaded wasm-bindgen-test v0.3.13
[INFO] [stderr]   Downloaded wasm-bindgen-test-macro v0.3.13
[INFO] [stderr]   Downloaded memory_units v0.4.0
[INFO] running `Command { std: "docker" "create" "-v" "/var/lib/crater-agent-workspace/builds/worker-4/target:/opt/rustwide/target:rw,Z" "-v" "/var/lib/crater-agent-workspace/builds/worker-4/source:/opt/rustwide/workdir:ro,Z" "-v" "/var/lib/crater-agent-workspace/cargo-home:/opt/rustwide/cargo-home:ro,Z" "-v" "/var/lib/crater-agent-workspace/rustup-home:/opt/rustwide/rustup-home:ro,Z" "-e" "SOURCE_DIR=/opt/rustwide/workdir" "-e" "CARGO_TARGET_DIR=/opt/rustwide/target" "-e" "CARGO_HOME=/opt/rustwide/cargo-home" "-e" "RUSTUP_HOME=/opt/rustwide/rustup-home" "-w" "/opt/rustwide/workdir" "-m" "1610612736" "--user" "0:0" "--network" "none" "rustops/crates-build-env@sha256:d92eaeed33fa75130ca1ee6c8a01d1ffb62bac859dfdfb3450e3e5d1c0146529" "/opt/rustwide/cargo-home/bin/cargo" "+72f88fc4e9458f89516a0b8b0868f3718aec5b47" "metadata" "--no-deps" "--format-version=1", kill_on_drop: false }`
[INFO] [stdout] 3185fbc0b1ab6509009fb4bd77a157b5decea6d4430fbde9f5256b2b79439b25
[INFO] [stderr] WARNING: Your kernel does not support swap limit capabilities or the cgroup is not mounted. Memory limited without swap.
[INFO] running `Command { std: "docker" "start" "-a" "3185fbc0b1ab6509009fb4bd77a157b5decea6d4430fbde9f5256b2b79439b25", kill_on_drop: false }`
[INFO] running `Command { std: "docker" "inspect" "3185fbc0b1ab6509009fb4bd77a157b5decea6d4430fbde9f5256b2b79439b25", kill_on_drop: false }`
[INFO] running `Command { std: "docker" "rm" "-f" "3185fbc0b1ab6509009fb4bd77a157b5decea6d4430fbde9f5256b2b79439b25", kill_on_drop: false }`
[INFO] [stdout] 3185fbc0b1ab6509009fb4bd77a157b5decea6d4430fbde9f5256b2b79439b25
[INFO] running `Command { std: "docker" "create" "-v" "/var/lib/crater-agent-workspace/builds/worker-4/target:/opt/rustwide/target:rw,Z" "-v" "/var/lib/crater-agent-workspace/builds/worker-4/source:/opt/rustwide/workdir:ro,Z" "-v" "/var/lib/crater-agent-workspace/cargo-home:/opt/rustwide/cargo-home:ro,Z" "-v" "/var/lib/crater-agent-workspace/rustup-home:/opt/rustwide/rustup-home:ro,Z" "-e" "SOURCE_DIR=/opt/rustwide/workdir" "-e" "CARGO_TARGET_DIR=/opt/rustwide/target" "-e" "CARGO_INCREMENTAL=0" "-e" "RUST_BACKTRACE=full" "-e" "RUSTFLAGS=--cap-lints=forbid" "-e" "CARGO_HOME=/opt/rustwide/cargo-home" "-e" "RUSTUP_HOME=/opt/rustwide/rustup-home" "-w" "/opt/rustwide/workdir" "-m" "1610612736" "--user" "0:0" "--network" "none" "rustops/crates-build-env@sha256:d92eaeed33fa75130ca1ee6c8a01d1ffb62bac859dfdfb3450e3e5d1c0146529" "/opt/rustwide/cargo-home/bin/cargo" "+72f88fc4e9458f89516a0b8b0868f3718aec5b47" "check" "--frozen" "--all" "--all-targets" "--message-format=json", kill_on_drop: false }`
[INFO] [stderr] WARNING: Your kernel does not support swap limit capabilities or the cgroup is not mounted. Memory limited without swap.
[INFO] [stdout] 9a3bd2ce37868983a28315adf1ff6d4ee55a9488ba6b78dcc94cedbe1f94331c
[INFO] running `Command { std: "docker" "start" "-a" "9a3bd2ce37868983a28315adf1ff6d4ee55a9488ba6b78dcc94cedbe1f94331c", kill_on_drop: false }`
[INFO] [stderr]    Compiling wasm-bindgen-shared v0.2.63
[INFO] [stderr]    Compiling log v0.4.8
[INFO] [stderr]    Compiling cfg-if v0.1.10
[INFO] [stderr]    Compiling lazy_static v1.4.0
[INFO] [stderr]    Compiling bumpalo v3.4.0
[INFO] [stderr]    Compiling wasm-bindgen v0.2.63
[INFO] [stderr]    Compiling libc v0.2.71
[INFO] [stderr]    Compiling wee_alloc v0.4.5
[INFO] [stderr]     Checking memory_units v0.4.0
[INFO] [stderr]     Checking scoped-tls v1.0.0
[INFO] [stderr]    Compiling proc-macro2 v1.0.18
[INFO] [stderr]    Compiling quote v1.0.7
[INFO] [stderr]    Compiling syn v1.0.33
[INFO] [stderr]    Compiling wasm-bindgen-test-macro v0.3.13
[INFO] [stderr]    Compiling wasm-bindgen-backend v0.2.63
[INFO] [stderr]    Compiling wasm-bindgen-macro-support v0.2.63
[INFO] [stderr]    Compiling wasm-bindgen-macro v0.2.63
[INFO] [stderr]     Checking js-sys v0.3.40
[INFO] [stderr]     Checking console_error_panic_hook v0.1.6
[INFO] [stderr]     Checking web-sys v0.3.40
[INFO] [stderr]     Checking wasm-bindgen-futures v0.4.13
[INFO] [stderr]     Checking wasm-bindgen-test v0.3.13
[INFO] [stderr]     Checking sketchbook-ng v0.1.0 (/opt/rustwide/workdir)
[INFO] [stdout] error[E0277]: `Vec3` doesn't implement `Debug`
[INFO] [stdout]    --> src/math/mat3.rs:142:9
[INFO] [stdout]     |
[INFO] [stdout] 142 |         assert_eq!(&mat * &vec, Vec3 { x: 72.0, y: 113.0, z: 258.0 });
[INFO] [stdout]     |         ^^^^^^^^^^^^^^^^^^^^^^^^^^^^^^^^^^^^^^^^^^^^^^^^^^^^^^^^^^^^^^ `Vec3` cannot be formatted using `{:?}`
[INFO] [stdout]     |
[INFO] [stdout]     = help: the trait `Debug` is not implemented for `Vec3`
[INFO] [stdout]     = note: add `#[derive(Debug)]` or manually implement `Debug`
[INFO] [stdout]     = note: required because of the requirements on the impl of `Debug` for `&Vec3`
[INFO] [stdout]     = note: required by `std::fmt::Debug::fmt`
[INFO] [stdout]     = note: this error originates in a macro (in Nightly builds, run with -Z macro-backtrace for more info)
[INFO] [stdout] 
[INFO] [stdout] 
[INFO] [stdout] error[E0277]: `Vec3` doesn't implement `Debug`
[INFO] [stdout]    --> src/math/mat3.rs:142:9
[INFO] [stdout]     |
[INFO] [stdout] 142 |         assert_eq!(&mat * &vec, Vec3 { x: 72.0, y: 113.0, z: 258.0 });
[INFO] [stdout]     |         ^^^^^^^^^^^^^^^^^^^^^^^^^^^^^^^^^^^^^^^^^^^^^^^^^^^^^^^^^^^^^^ `Vec3` cannot be formatted using `{:?}`
[INFO] [stdout]     |
[INFO] [stdout]     = help: the trait `Debug` is not implemented for `Vec3`
[INFO] [stdout]     = note: add `#[derive(Debug)]` or manually implement `Debug`
[INFO] [stdout]     = note: required because of the requirements on the impl of `Debug` for `&Vec3`
[INFO] [stdout]     = note: required by `std::fmt::Debug::fmt`
[INFO] [stdout]     = note: this error originates in a macro (in Nightly builds, run with -Z macro-backtrace for more info)
[INFO] [stdout] 
[INFO] [stdout] 
[INFO] [stdout] error[E0277]: `Vec3` doesn't implement `Debug`
[INFO] [stdout]    --> src/math/mat3.rs:178:9
[INFO] [stdout]     |
[INFO] [stdout] 178 |         assert_eq!(transformed, Vec3 { x: 15.0, y: 15.0, z: 1.0 });
[INFO] [stdout]     |         ^^^^^^^^^^^^^^^^^^^^^^^^^^^^^^^^^^^^^^^^^^^^^^^^^^^^^^^^^^^ `Vec3` cannot be formatted using `{:?}`
[INFO] [stdout]     |
[INFO] [stdout]     = help: the trait `Debug` is not implemented for `Vec3`
[INFO] [stdout]     = note: add `#[derive(Debug)]` or manually implement `Debug`
[INFO] [stdout]     = note: required because of the requirements on the impl of `Debug` for `&Vec3`
[INFO] [stdout]     = note: required by `std::fmt::Debug::fmt`
[INFO] [stdout]     = note: this error originates in a macro (in Nightly builds, run with -Z macro-backtrace for more info)
[INFO] [stdout] 
[INFO] [stdout] 
[INFO] [stdout] error[E0277]: `Vec3` doesn't implement `Debug`
[INFO] [stdout]    --> src/math/mat3.rs:178:9
[INFO] [stdout]     |
[INFO] [stdout] 178 |         assert_eq!(transformed, Vec3 { x: 15.0, y: 15.0, z: 1.0 });
[INFO] [stdout]     |         ^^^^^^^^^^^^^^^^^^^^^^^^^^^^^^^^^^^^^^^^^^^^^^^^^^^^^^^^^^^ `Vec3` cannot be formatted using `{:?}`
[INFO] [stdout]     |
[INFO] [stdout]     = help: the trait `Debug` is not implemented for `Vec3`
[INFO] [stdout]     = note: add `#[derive(Debug)]` or manually implement `Debug`
[INFO] [stdout]     = note: required because of the requirements on the impl of `Debug` for `&Vec3`
[INFO] [stdout]     = note: required by `std::fmt::Debug::fmt`
[INFO] [stdout]     = note: this error originates in a macro (in Nightly builds, run with -Z macro-backtrace for more info)
[INFO] [stdout] 
[INFO] [stdout] 
[INFO] [stdout] error[E0277]: `Vec3` doesn't implement `Debug`
[INFO] [stdout]    --> src/math/mat3.rs:192:9
[INFO] [stdout]     |
[INFO] [stdout] 192 |         assert_eq!(transformed, Vec3 { x: 0.0, y: 0.0, z: 1.0 });
[INFO] [stdout]     |         ^^^^^^^^^^^^^^^^^^^^^^^^^^^^^^^^^^^^^^^^^^^^^^^^^^^^^^^^^ `Vec3` cannot be formatted using `{:?}`
[INFO] [stdout]     |
[INFO] [stdout]     = help: the trait `Debug` is not implemented for `Vec3`
[INFO] [stdout]     = note: add `#[derive(Debug)]` or manually implement `Debug`
[INFO] [stdout]     = note: required because of the requirements on the impl of `Debug` for `&Vec3`
[INFO] [stdout]     = note: required by `std::fmt::Debug::fmt`
[INFO] [stdout]     = note: this error originates in a macro (in Nightly builds, run with -Z macro-backtrace for more info)
[INFO] [stdout] 
[INFO] [stdout] 
[INFO] [stdout] error[E0277]: `Vec3` doesn't implement `Debug`
[INFO] [stdout]    --> src/math/mat3.rs:192:9
[INFO] [stdout]     |
[INFO] [stdout] 192 |         assert_eq!(transformed, Vec3 { x: 0.0, y: 0.0, z: 1.0 });
[INFO] [stdout]     |         ^^^^^^^^^^^^^^^^^^^^^^^^^^^^^^^^^^^^^^^^^^^^^^^^^^^^^^^^^ `Vec3` cannot be formatted using `{:?}`
[INFO] [stdout]     |
[INFO] [stdout]     = help: the trait `Debug` is not implemented for `Vec3`
[INFO] [stdout]     = note: add `#[derive(Debug)]` or manually implement `Debug`
[INFO] [stdout]     = note: required because of the requirements on the impl of `Debug` for `&Vec3`
[INFO] [stdout]     = note: required by `std::fmt::Debug::fmt`
[INFO] [stdout]     = note: this error originates in a macro (in Nightly builds, run with -Z macro-backtrace for more info)
[INFO] [stdout] 
[INFO] [stdout] 
[INFO] [stdout] error: aborting due to 6 previous errors
[INFO] [stdout] 
[INFO] [stdout] 
[INFO] [stdout] For more information about this error, try `rustc --explain E0277`.
[INFO] [stdout] 
[INFO] [stderr] error: could not compile `sketchbook-ng`.
[INFO] [stderr] 
[INFO] [stderr] To learn more, run the command again with --verbose.
[INFO] running `Command { std: "docker" "inspect" "9a3bd2ce37868983a28315adf1ff6d4ee55a9488ba6b78dcc94cedbe1f94331c", kill_on_drop: false }`
[INFO] running `Command { std: "docker" "rm" "-f" "9a3bd2ce37868983a28315adf1ff6d4ee55a9488ba6b78dcc94cedbe1f94331c", kill_on_drop: false }`
[INFO] [stdout] 9a3bd2ce37868983a28315adf1ff6d4ee55a9488ba6b78dcc94cedbe1f94331c
